{"id":229,"date":"2026-04-05T05:26:33","date_gmt":"2026-04-05T05:26:33","guid":{"rendered":"https:\/\/quynhnhuphan.azdigi.shop\/?post_type=product&#038;p=229"},"modified":"2026-04-06T12:50:46","modified_gmt":"2026-04-06T12:50:46","slug":"bold-charming-flan-gato-tra-thai-do","status":"publish","type":"product","link":"https:\/\/quynhnhuphan.azdigi.shop\/?product=bold-charming-flan-gato-tra-thai-do","title":{"rendered":"Bold Charming \u2013 Flan Gato Tr\u00e0 Th\u00e1i \u0110\u1ecf"},"content":{"rendered":"<p><a href=\"https:\/\/quynhnhuphan.azdigi.shop\/?product=bold-charming-flan-gato-tra-thai-do\"><img loading=\"lazy\" decoding=\"async\" class=\"wp-image-230 size-full alignright\" src=\"https:\/\/quynhnhuphan.azdigi.shop\/wp-content\/uploads\/2026\/04\/FlanGato-8-1-2-e1775366469458.jpg\" alt=\"\" width=\"507\" height=\"556\" srcset=\"https:\/\/quynhnhuphan.azdigi.shop\/wp-content\/uploads\/2026\/04\/FlanGato-8-1-2-e1775366469458.jpg 507w, https:\/\/quynhnhuphan.azdigi.shop\/wp-content\/uploads\/2026\/04\/FlanGato-8-1-2-e1775366469458-274x300.jpg 274w\" sizes=\"auto, (max-width: 507px) 100vw, 507px\" \/><\/a><\/p>\n<h3 data-section-id=\"zctpc0\" data-start=\"111\" data-end=\"168\">\u2764\ufe0f Gi\u1edbi thi\u1ec7u Bold Charming \u2013 Flan Gato Tr\u00e0 Th\u00e1i \u0110\u1ecf<\/h3>\n<p data-start=\"169\" data-end=\"431\">Bold Charming \u2013 Flan Gato Tr\u00e0 Th\u00e1i \u0110\u1ecf l\u00e0 s\u1ef1 k\u1ebft h\u1ee3p \u0111\u1ed9c \u0111\u00e1o gi\u1eefa b\u00e1nh flan m\u1ec1m m\u1ecbn v\u00e0 b\u00f4ng lan s\u00f4-c\u00f4-la \u0111\u1eadm \u0111\u00e0, h\u00f2a quy\u1ec7n c\u00f9ng h\u01b0\u01a1ng tr\u00e0 Th\u00e1i \u0111\u1ecf \u0111\u1eb7c tr\u01b0ng. V\u1edbi m\u00e0u s\u1eafc b\u1eaft m\u1eaft v\u00e0 h\u01b0\u01a1ng v\u1ecb hi\u1ec7n \u0111\u1ea1i, chi\u1ebfc b\u00e1nh mang \u0111\u1ebfn tr\u1ea3i nghi\u1ec7m m\u1edbi l\u1ea1, tinh t\u1ebf v\u00e0 \u0111\u1ea7y cu\u1ed1n h\u00fat.<\/p>\n<p data-start=\"433\" data-end=\"564\">\u0110\u00e2y l\u00e0 l\u1ef1a ch\u1ecdn l\u00fd t\u01b0\u1edfng cho c\u00e1c d\u1ecbp sinh nh\u1eadt, k\u1ef7 ni\u1ec7m ho\u1eb7c nh\u1eefng bu\u1ed5i ti\u1ec7c c\u1ea7n m\u1ed9t chi\u1ebfc b\u00e1nh v\u1eeba ngon v\u1eeba \u1ea5n t\u01b0\u1ee3ng v\u1ec1 h\u00ecnh th\u1ee9c.<\/p>\n<h3 data-section-id=\"azjvjx\" data-start=\"571\" data-end=\"598\">\ud83c\udf70 H\u01b0\u01a1ng v\u1ecb \u0111\u1eb7c tr\u01b0ng<\/h3>\n<p data-start=\"599\" data-end=\"637\">Ng\u1ecdt d\u1ecbu \u2013 B\u00e9o nh\u1eb9 \u2013 Th\u01a1m \u2013 \u0110\u1eafng nh\u1eb9<\/p>\n<p data-start=\"639\" data-end=\"763\">V\u1ecb tr\u00e0 Th\u00e1i \u0111\u1ecf th\u01a1m nh\u1eb9 k\u1ebft h\u1ee3p c\u00f9ng socola t\u1ea1o n\u00ean chi\u1ec1u s\u00e2u h\u01b0\u01a1ng v\u1ecb, c\u00e2n b\u1eb1ng gi\u1eefa ng\u1ecdt v\u00e0 \u0111\u1eafng, gi\u00fap b\u00e1nh kh\u00f4ng b\u1ecb ng\u1ea5y.<\/p>\n<h3 data-section-id=\"czrnvt\" data-start=\"770\" data-end=\"813\">\ud83e\uddc1 C\u1ea5u tr\u00fac b\u00e1nh flan gato nhi\u1ec1u t\u1ea7ng<\/h3>\n<p data-start=\"814\" data-end=\"847\">Ph\u1ea7n th\u00e2n b\u00e1nh g\u1ed3m c\u00e1c l\u1edbp ch\u00ednh:<\/p>\n<ul data-start=\"849\" data-end=\"947\">\n<li data-section-id=\"ta6vjo\" data-start=\"849\" data-end=\"898\"><strong data-start=\"851\" data-end=\"872\">Flan tr\u00e0 Th\u00e1i \u0111\u1ecf:<\/strong> m\u1ec1m m\u1ecbn, th\u01a1m \u0111\u1eb7c tr\u01b0ng<\/li>\n<li data-section-id=\"14zwh5m\" data-start=\"899\" data-end=\"947\"><strong data-start=\"901\" data-end=\"923\">B\u00f4ng lan s\u00f4-c\u00f4-la:<\/strong> x\u1ed1p nh\u1eb9, \u0111\u1eadm v\u1ecb cacao<\/li>\n<\/ul>\n<p data-start=\"949\" data-end=\"1063\">\ud83d\udc49 S\u1ef1 k\u1ebft h\u1ee3p gi\u1eefa flan v\u00e0 b\u00f4ng lan t\u1ea1o n\u00ean k\u1ebft c\u1ea5u v\u1eeba m\u1ec1m m\u1ecbn v\u1eeba b\u00f4ng x\u1ed1p, mang l\u1ea1i tr\u1ea3i nghi\u1ec7m \u0103n b\u00e1nh th\u00fa v\u1ecb.<\/p>\n<h3 data-section-id=\"iy1jel\" data-start=\"1070\" data-end=\"1093\">\ud83c\udf53 Ph\u1ea7n trang tr\u00ed<\/h3>\n<ul data-start=\"1094\" data-end=\"1147\">\n<li data-section-id=\"1bjtwfq\" data-start=\"1094\" data-end=\"1119\">Jelly caramel \u00f3ng \u00e1nh<\/li>\n<li data-section-id=\"10v8ks7\" data-start=\"1120\" data-end=\"1127\">\u0110\u00e0o<\/li>\n<li data-section-id=\"gzphdg\" data-start=\"1128\" data-end=\"1139\">D\u00e2u t\u00e2y<\/li>\n<li data-section-id=\"16vgeap\" data-start=\"1140\" data-end=\"1147\">Nho<\/li>\n<\/ul>\n<p data-start=\"1149\" data-end=\"1235\">\ud83d\udc49 Trang tr\u00ed t\u01b0\u01a1i s\u00e1ng, gi\u00fap b\u00e1nh th\u00eam ph\u1ea7n h\u1ea5p d\u1eabn v\u00e0 ph\u00f9 h\u1ee3p v\u1edbi nhi\u1ec1u d\u1ecbp \u0111\u1eb7c bi\u1ec7t.<\/p>\n<h3 data-section-id=\"cuft41\" data-start=\"1242\" data-end=\"1269\">\u2744\ufe0f H\u01b0\u1edbng d\u1eabn b\u1ea3o qu\u1ea3n<\/h3>\n<ul data-start=\"1270\" data-end=\"1423\">\n<li data-section-id=\"1wgxvt9\" data-start=\"1270\" data-end=\"1327\">N\u00ean s\u1eed d\u1ee5ng trong ng\u00e0y \u0111\u1ec3 \u0111\u1ea3m b\u1ea3o ch\u1ea5t l\u01b0\u1ee3ng t\u1ed1t nh\u1ea5t<\/li>\n<li data-section-id=\"110p955\" data-start=\"1328\" data-end=\"1380\">Ngon h\u01a1n khi b\u1ea3o qu\u1ea3n l\u1ea1nh tr\u01b0\u1edbc khi th\u01b0\u1edfng th\u1ee9c<\/li>\n<li data-section-id=\"1j4d088\" data-start=\"1381\" data-end=\"1423\">Tr\u00e1nh \u0111\u1ec3 b\u00e1nh \u1edf nhi\u1ec7t \u0111\u1ed9 ph\u00f2ng qu\u00e1 l\u00e2u<\/li>\n<\/ul>\n<h3 data-section-id=\"bhewi1\" data-start=\"1430\" data-end=\"1456\">\ud83c\udf81 Ph\u1ee5 ki\u1ec7n t\u1eb7ng k\u00e8m<\/h3>\n<ul data-start=\"1457\" data-end=\"1513\">\n<li data-section-id=\"1si23wu\" data-start=\"1457\" data-end=\"1475\">1 dao c\u1eaft b\u00e1nh<\/li>\n<li data-section-id=\"1whkgu6\" data-start=\"1476\" data-end=\"1497\">1 b\u1ed9 d\u0129a v\u00e0 mu\u1ed7ng<\/li>\n<li data-section-id=\"81ewe7\" data-start=\"1498\" data-end=\"1513\">H\u1ed9p n\u1ebfn nh\u1ecf<\/li>\n<\/ul>\n<h3 data-section-id=\"1jn3qyp\" data-start=\"1520\" data-end=\"1583\">\ud83d\udc96 V\u00ec sao n\u00ean ch\u1ecdn Bold Charming \u2013 Flan Gato Tr\u00e0 Th\u00e1i \u0110\u1ecf?<\/h3>\n<ul data-start=\"1584\" data-end=\"1760\">\n<li data-section-id=\"1vd3iph\" data-start=\"1584\" data-end=\"1632\">K\u1ebft h\u1ee3p \u0111\u1ed9c \u0111\u00e1o gi\u1eefa flan v\u00e0 b\u00f4ng lan socola<\/li>\n<li data-section-id=\"uoh2xk\" data-start=\"1633\" data-end=\"1674\">H\u01b0\u01a1ng v\u1ecb tr\u00e0 Th\u00e1i \u0111\u1ecf m\u1edbi l\u1ea1, cu\u1ed1n h\u00fat<\/li>\n<li data-section-id=\"16hyx8r\" data-start=\"1675\" data-end=\"1719\">Thi\u1ebft k\u1ebf \u0111\u1eb9p, ph\u00f9 h\u1ee3p l\u00e0m b\u00e1nh sinh nh\u1eadt<\/li>\n<li data-section-id=\"1eydfu0\" data-start=\"1720\" data-end=\"1760\">\u0110\u1ea7y \u0111\u1ee7 ph\u1ee5 ki\u1ec7n ti\u1ec7n l\u1ee3i khi s\u1eed d\u1ee5ng<\/li>\n<\/ul>\n","protected":false},"excerpt":{"rendered":"<p>Bold Charming chi\u1ebfc b\u00e1nh m\u1edbi ra m\u1eaft c\u1ee7a Ti\u1ec7m b\u00e1nh Flan v\u00e0 c\u00f3 m\u1ed9t v\u1ebb \u0111\u1eb9p l\u00f4i cu\u1ed1n nh\u01b0 ch\u00ednh t\u00ean g\u1ecdi, \u0111\u00f3 kh\u00f4ng ch\u1ec9 l\u00e0 s\u1ef1 thu h\u00fat m\u1ecdi ch\u00fa \u00fd b\u1eb1ng v\u1ebb ngo\u00e0i b\u1eaft m\u1eaft m\u00e0 c\u00f2n h\u01b0\u01a1ng v\u1ecb \u0111\u1ea7y m\u1ea1nh m\u1ebd<\/p>\n<p>M\u1ed7i l\u00e1t b\u00e1nh nh\u01b0 m\u1ed9t c\u00e1nh c\u1ed5ng \u0111\u01b0a b\u1ea1n \u0111\u1ebfn v\u1edbi th\u1ebf gi\u1edbi di\u1ec7u k\u1ef3, n\u01a1i b\u1ea1n c\u00f3 th\u1ec3 th\u1ea3 m\u00ecnh v\u00e0o nh\u1eefng giai \u0111i\u1ec7u m\u00ea ho\u1eb7c c\u1ee7a l\u1edbp flan m\u1ec1m thoang tho\u1ea3ng h\u01b0\u01a1ng v\u1ecb tr\u00e0 Th\u00e1i \u0111\u1eb7c tr\u01b0ng. Kh\u00f4ng d\u1eebng l\u1ea1i \u1edf \u0111\u00f3, l\u1edbp gato s\u00f4-c\u00f4-la \u0111\u1eafng nh\u1eb9 nh\u00e0ng nh\u01b0 c\u1ed9ng h\u01b0\u1edfng v\u00e0 nh\u00e2n \u0111\u00f4i s\u1ee9c h\u00fat cho Bold Charming, khi\u1ebfn ai \u0111\u00e3 m\u00ea b\u1ed9 \u0111\u00f4i n\u00e0y.<\/p>\n<p>Bold Charming \u0111\u01b0\u1ee3c trang tr\u00ed v\u1edbi nh\u1eefng \u0111\u01b0\u1eddng cong m\u1ec1m m\u1ea1i, uy\u1ec3n chuy\u1ec3n, k\u1ebft h\u1ee3p c\u00f9ng nhi\u1ec1u lo\u1ea1i tr\u00e1i c\u00e2y t\u01b0\u01a1i m\u00e1t thanh nhi\u1ec7t m\u00f9a h\u00e8 nh\u01b0 d\u00e2u t\u00e2y v\u00e0 xanh. \u0110\u1eb7c bi\u1ec7t l\u00e0 t\u1ea1o h\u00ecnh b\u00f4ng hoa t\u1eeb nh\u1eefng \u0111\u00e0o mi\u1ebfng c\u0103ng m\u1ecdng. L\u00e0m cho chi\u1ebfc b\u00e1nh \u0111\u1ee7 \u0111\u1ea7y h\u01b0\u01a1ng s\u1eafc.<\/p>\n<p>V\u1edbi v\u1ebb ngo\u00e0i tinh t\u1ebf v\u00e0 h\u01b0\u01a1ng v\u1ecb th\u01a1m ngon b\u00f9ng n\u1ed5, Bold Charming \u2013 Flan Gato Tr\u00e0 Th\u00e1i \u0110\u1ecf l\u00e0 m\u00f3n qu\u00e0 ho\u00e0n h\u1ea3o cho m\u1ecdi d\u1ecbp l\u1ec5, sinh nh\u1eadt, k\u1ef7 ni\u1ec7m \u0111\u1ebfn nh\u1eefng kho\u1ea3nh kh\u1eafc \u0111\u1eb7c bi\u1ec7t trong cu\u1ed9c s\u1ed1ng c\u1ee7a b\u1ea1n.<\/p>\n<p>C\u00f2n ch\u1ea7n ch\u1edd g\u00ec n\u1eefa, h\u00e3y \u0111\u1ebfn ngay Ti\u1ec7m b\u00e1nh Flan v\u00e0 tr\u1ea3i nghi\u1ec7m h\u01b0\u01a1ng v\u1ecb Th\u00e1i Lan \u0111\u1ed9c \u0111\u00e1o \u0111\u1ebfn t\u1eeb chi\u1ebfc b\u00e1nh Flan Gato Tr\u00e0 Th\u00e1i \u0110\u1ecf \u2013 Bold Charming th\u00f4i!<\/p>\n","protected":false},"featured_media":232,"comment_status":"open","ping_status":"closed","template":"","meta":[],"product_brand":[],"product_cat":[21],"product_tag":[],"class_list":{"0":"post-229","1":"product","2":"type-product","3":"status-publish","4":"has-post-thumbnail","6":"product_cat-banh-flan-gato","8":"first","9":"instock","10":"sale","11":"featured","12":"shipping-taxable","13":"purchasable","14":"product-type-variable"},"yoast_head":"<!-- This site is optimized with the Yoast SEO plugin v26.9 - https:\/\/yoast.com\/product\/yoast-seo-wordpress\/ -->\n<title>Bold Charming \u2013 Flan Gato Tr\u00e0 Th\u00e1i \u0110\u1ecf - Flan<\/title>\n<meta name=\"robots\" content=\"index, follow, max-snippet:-1, max-image-preview:large, max-video-preview:-1\" \/>\n<link rel=\"canonical\" href=\"https:\/\/quynhnhuphan.azdigi.shop\/?product=bold-charming-flan-gato-tra-thai-do\" \/>\n<meta property=\"og:locale\" content=\"vi_VN\" \/>\n<meta property=\"og:type\" content=\"article\" \/>\n<meta property=\"og:title\" content=\"Bold Charming \u2013 Flan Gato Tr\u00e0 Th\u00e1i \u0110\u1ecf - Flan\" \/>\n<meta property=\"og:description\" content=\"Bold Charming chi\u1ebfc b\u00e1nh m\u1edbi ra m\u1eaft c\u1ee7a Ti\u1ec7m b\u00e1nh Flan v\u00e0 c\u00f3 m\u1ed9t v\u1ebb \u0111\u1eb9p l\u00f4i cu\u1ed1n nh\u01b0 ch\u00ednh t\u00ean g\u1ecdi, \u0111\u00f3 kh\u00f4ng ch\u1ec9 l\u00e0 s\u1ef1 thu h\u00fat m\u1ecdi ch\u00fa \u00fd b\u1eb1ng v\u1ebb ngo\u00e0i b\u1eaft m\u1eaft m\u00e0 c\u00f2n h\u01b0\u01a1ng v\u1ecb \u0111\u1ea7y m\u1ea1nh m\u1ebd  M\u1ed7i l\u00e1t b\u00e1nh nh\u01b0 m\u1ed9t c\u00e1nh c\u1ed5ng \u0111\u01b0a b\u1ea1n \u0111\u1ebfn v\u1edbi th\u1ebf gi\u1edbi di\u1ec7u k\u1ef3, n\u01a1i b\u1ea1n c\u00f3 th\u1ec3 th\u1ea3 m\u00ecnh v\u00e0o nh\u1eefng giai \u0111i\u1ec7u m\u00ea ho\u1eb7c c\u1ee7a l\u1edbp flan m\u1ec1m thoang tho\u1ea3ng h\u01b0\u01a1ng v\u1ecb tr\u00e0 Th\u00e1i \u0111\u1eb7c tr\u01b0ng. Kh\u00f4ng d\u1eebng l\u1ea1i \u1edf \u0111\u00f3, l\u1edbp gato s\u00f4-c\u00f4-la \u0111\u1eafng nh\u1eb9 nh\u00e0ng nh\u01b0 c\u1ed9ng h\u01b0\u1edfng v\u00e0 nh\u00e2n \u0111\u00f4i s\u1ee9c h\u00fat cho Bold Charming, khi\u1ebfn ai \u0111\u00e3 m\u00ea b\u1ed9 \u0111\u00f4i n\u00e0y.  Bold Charming \u0111\u01b0\u1ee3c trang tr\u00ed v\u1edbi nh\u1eefng \u0111\u01b0\u1eddng cong m\u1ec1m m\u1ea1i, uy\u1ec3n chuy\u1ec3n, k\u1ebft h\u1ee3p c\u00f9ng nhi\u1ec1u lo\u1ea1i tr\u00e1i c\u00e2y t\u01b0\u01a1i m\u00e1t thanh nhi\u1ec7t m\u00f9a h\u00e8 nh\u01b0 d\u00e2u t\u00e2y v\u00e0 xanh. \u0110\u1eb7c bi\u1ec7t l\u00e0 t\u1ea1o h\u00ecnh b\u00f4ng hoa t\u1eeb nh\u1eefng \u0111\u00e0o mi\u1ebfng c\u0103ng m\u1ecdng. L\u00e0m cho chi\u1ebfc b\u00e1nh \u0111\u1ee7 \u0111\u1ea7y h\u01b0\u01a1ng s\u1eafc.  V\u1edbi v\u1ebb ngo\u00e0i tinh t\u1ebf v\u00e0 h\u01b0\u01a1ng v\u1ecb th\u01a1m ngon b\u00f9ng n\u1ed5, Bold Charming \u2013 Flan Gato Tr\u00e0 Th\u00e1i \u0110\u1ecf l\u00e0 m\u00f3n qu\u00e0 ho\u00e0n h\u1ea3o cho m\u1ecdi d\u1ecbp l\u1ec5, sinh nh\u1eadt, k\u1ef7 ni\u1ec7m \u0111\u1ebfn nh\u1eefng kho\u1ea3nh kh\u1eafc \u0111\u1eb7c bi\u1ec7t trong cu\u1ed9c s\u1ed1ng c\u1ee7a b\u1ea1n.  C\u00f2n ch\u1ea7n ch\u1edd g\u00ec n\u1eefa, h\u00e3y \u0111\u1ebfn ngay Ti\u1ec7m b\u00e1nh Flan v\u00e0 tr\u1ea3i nghi\u1ec7m h\u01b0\u01a1ng v\u1ecb Th\u00e1i Lan \u0111\u1ed9c \u0111\u00e1o \u0111\u1ebfn t\u1eeb chi\u1ebfc b\u00e1nh Flan Gato Tr\u00e0 Th\u00e1i \u0110\u1ecf \u2013 Bold Charming th\u00f4i!\" \/>\n<meta property=\"og:url\" content=\"https:\/\/quynhnhuphan.azdigi.shop\/?product=bold-charming-flan-gato-tra-thai-do\" \/>\n<meta property=\"og:site_name\" content=\"Flan\" \/>\n<meta property=\"article:modified_time\" content=\"2026-04-06T12:50:46+00:00\" \/>\n<meta property=\"og:image\" content=\"https:\/\/quynhnhuphan.azdigi.shop\/wp-content\/uploads\/2026\/04\/FlanGato-6-2.jpg\" \/>\n\t<meta property=\"og:image:width\" content=\"507\" \/>\n\t<meta property=\"og:image:height\" content=\"760\" \/>\n\t<meta property=\"og:image:type\" content=\"image\/jpeg\" \/>\n<meta name=\"twitter:card\" content=\"summary_large_image\" \/>\n<meta name=\"twitter:label1\" content=\"\u01af\u1edbc t\u00ednh th\u1eddi gian \u0111\u1ecdc\" \/>\n\t<meta name=\"twitter:data1\" content=\"3 ph\u00fat\" \/>\n<script type=\"application\/ld+json\" class=\"yoast-schema-graph\">{\"@context\":\"https:\/\/schema.org\",\"@graph\":[{\"@type\":\"WebPage\",\"@id\":\"https:\/\/quynhnhuphan.azdigi.shop\/?product=bold-charming-flan-gato-tra-thai-do\",\"url\":\"https:\/\/quynhnhuphan.azdigi.shop\/?product=bold-charming-flan-gato-tra-thai-do\",\"name\":\"Bold Charming \u2013 Flan Gato Tr\u00e0 Th\u00e1i \u0110\u1ecf - Flan\",\"isPartOf\":{\"@id\":\"https:\/\/quynhnhuphan.azdigi.shop\/#website\"},\"primaryImageOfPage\":{\"@id\":\"https:\/\/quynhnhuphan.azdigi.shop\/?product=bold-charming-flan-gato-tra-thai-do#primaryimage\"},\"image\":{\"@id\":\"https:\/\/quynhnhuphan.azdigi.shop\/?product=bold-charming-flan-gato-tra-thai-do#primaryimage\"},\"thumbnailUrl\":\"https:\/\/quynhnhuphan.azdigi.shop\/wp-content\/uploads\/2026\/04\/FlanGato-6-2.jpg\",\"datePublished\":\"2026-04-05T05:26:33+00:00\",\"dateModified\":\"2026-04-06T12:50:46+00:00\",\"breadcrumb\":{\"@id\":\"https:\/\/quynhnhuphan.azdigi.shop\/?product=bold-charming-flan-gato-tra-thai-do#breadcrumb\"},\"inLanguage\":\"vi\",\"potentialAction\":[{\"@type\":\"ReadAction\",\"target\":[\"https:\/\/quynhnhuphan.azdigi.shop\/?product=bold-charming-flan-gato-tra-thai-do\"]}]},{\"@type\":\"ImageObject\",\"inLanguage\":\"vi\",\"@id\":\"https:\/\/quynhnhuphan.azdigi.shop\/?product=bold-charming-flan-gato-tra-thai-do#primaryimage\",\"url\":\"https:\/\/quynhnhuphan.azdigi.shop\/wp-content\/uploads\/2026\/04\/FlanGato-6-2.jpg\",\"contentUrl\":\"https:\/\/quynhnhuphan.azdigi.shop\/wp-content\/uploads\/2026\/04\/FlanGato-6-2.jpg\",\"width\":507,\"height\":760},{\"@type\":\"BreadcrumbList\",\"@id\":\"https:\/\/quynhnhuphan.azdigi.shop\/?product=bold-charming-flan-gato-tra-thai-do#breadcrumb\",\"itemListElement\":[{\"@type\":\"ListItem\",\"position\":1,\"name\":\"Trang ch\u1ee7\",\"item\":\"https:\/\/quynhnhuphan.azdigi.shop\/\"},{\"@type\":\"ListItem\",\"position\":2,\"name\":\"C\u1eeda h\u00e0ng\",\"item\":\"https:\/\/quynhnhuphan.azdigi.shop\/?page_id=164\"},{\"@type\":\"ListItem\",\"position\":3,\"name\":\"Bold Charming \u2013 Flan Gato Tr\u00e0 Th\u00e1i \u0110\u1ecf\"}]},{\"@type\":\"WebSite\",\"@id\":\"https:\/\/quynhnhuphan.azdigi.shop\/#website\",\"url\":\"https:\/\/quynhnhuphan.azdigi.shop\/\",\"name\":\"Flan\",\"description\":\"\",\"potentialAction\":[{\"@type\":\"SearchAction\",\"target\":{\"@type\":\"EntryPoint\",\"urlTemplate\":\"https:\/\/quynhnhuphan.azdigi.shop\/?s={search_term_string}\"},\"query-input\":{\"@type\":\"PropertyValueSpecification\",\"valueRequired\":true,\"valueName\":\"search_term_string\"}}],\"inLanguage\":\"vi\"}]}<\/script>\n<!-- \/ Yoast SEO plugin. -->","yoast_head_json":{"title":"Bold Charming \u2013 Flan Gato Tr\u00e0 Th\u00e1i \u0110\u1ecf - Flan","robots":{"index":"index","follow":"follow","max-snippet":"max-snippet:-1","max-image-preview":"max-image-preview:large","max-video-preview":"max-video-preview:-1"},"canonical":"https:\/\/quynhnhuphan.azdigi.shop\/?product=bold-charming-flan-gato-tra-thai-do","og_locale":"vi_VN","og_type":"article","og_title":"Bold Charming \u2013 Flan Gato Tr\u00e0 Th\u00e1i \u0110\u1ecf - Flan","og_description":"Bold Charming chi\u1ebfc b\u00e1nh m\u1edbi ra m\u1eaft c\u1ee7a Ti\u1ec7m b\u00e1nh Flan v\u00e0 c\u00f3 m\u1ed9t v\u1ebb \u0111\u1eb9p l\u00f4i cu\u1ed1n nh\u01b0 ch\u00ednh t\u00ean g\u1ecdi, \u0111\u00f3 kh\u00f4ng ch\u1ec9 l\u00e0 s\u1ef1 thu h\u00fat m\u1ecdi ch\u00fa \u00fd b\u1eb1ng v\u1ebb ngo\u00e0i b\u1eaft m\u1eaft m\u00e0 c\u00f2n h\u01b0\u01a1ng v\u1ecb \u0111\u1ea7y m\u1ea1nh m\u1ebd  M\u1ed7i l\u00e1t b\u00e1nh nh\u01b0 m\u1ed9t c\u00e1nh c\u1ed5ng \u0111\u01b0a b\u1ea1n \u0111\u1ebfn v\u1edbi th\u1ebf gi\u1edbi di\u1ec7u k\u1ef3, n\u01a1i b\u1ea1n c\u00f3 th\u1ec3 th\u1ea3 m\u00ecnh v\u00e0o nh\u1eefng giai \u0111i\u1ec7u m\u00ea ho\u1eb7c c\u1ee7a l\u1edbp flan m\u1ec1m thoang tho\u1ea3ng h\u01b0\u01a1ng v\u1ecb tr\u00e0 Th\u00e1i \u0111\u1eb7c tr\u01b0ng. Kh\u00f4ng d\u1eebng l\u1ea1i \u1edf \u0111\u00f3, l\u1edbp gato s\u00f4-c\u00f4-la \u0111\u1eafng nh\u1eb9 nh\u00e0ng nh\u01b0 c\u1ed9ng h\u01b0\u1edfng v\u00e0 nh\u00e2n \u0111\u00f4i s\u1ee9c h\u00fat cho Bold Charming, khi\u1ebfn ai \u0111\u00e3 m\u00ea b\u1ed9 \u0111\u00f4i n\u00e0y.  Bold Charming \u0111\u01b0\u1ee3c trang tr\u00ed v\u1edbi nh\u1eefng \u0111\u01b0\u1eddng cong m\u1ec1m m\u1ea1i, uy\u1ec3n chuy\u1ec3n, k\u1ebft h\u1ee3p c\u00f9ng nhi\u1ec1u lo\u1ea1i tr\u00e1i c\u00e2y t\u01b0\u01a1i m\u00e1t thanh nhi\u1ec7t m\u00f9a h\u00e8 nh\u01b0 d\u00e2u t\u00e2y v\u00e0 xanh. \u0110\u1eb7c bi\u1ec7t l\u00e0 t\u1ea1o h\u00ecnh b\u00f4ng hoa t\u1eeb nh\u1eefng \u0111\u00e0o mi\u1ebfng c\u0103ng m\u1ecdng. L\u00e0m cho chi\u1ebfc b\u00e1nh \u0111\u1ee7 \u0111\u1ea7y h\u01b0\u01a1ng s\u1eafc.  V\u1edbi v\u1ebb ngo\u00e0i tinh t\u1ebf v\u00e0 h\u01b0\u01a1ng v\u1ecb th\u01a1m ngon b\u00f9ng n\u1ed5, Bold Charming \u2013 Flan Gato Tr\u00e0 Th\u00e1i \u0110\u1ecf l\u00e0 m\u00f3n qu\u00e0 ho\u00e0n h\u1ea3o cho m\u1ecdi d\u1ecbp l\u1ec5, sinh nh\u1eadt, k\u1ef7 ni\u1ec7m \u0111\u1ebfn nh\u1eefng kho\u1ea3nh kh\u1eafc \u0111\u1eb7c bi\u1ec7t trong cu\u1ed9c s\u1ed1ng c\u1ee7a b\u1ea1n.  C\u00f2n ch\u1ea7n ch\u1edd g\u00ec n\u1eefa, h\u00e3y \u0111\u1ebfn ngay Ti\u1ec7m b\u00e1nh Flan v\u00e0 tr\u1ea3i nghi\u1ec7m h\u01b0\u01a1ng v\u1ecb Th\u00e1i Lan \u0111\u1ed9c \u0111\u00e1o \u0111\u1ebfn t\u1eeb chi\u1ebfc b\u00e1nh Flan Gato Tr\u00e0 Th\u00e1i \u0110\u1ecf \u2013 Bold Charming th\u00f4i!","og_url":"https:\/\/quynhnhuphan.azdigi.shop\/?product=bold-charming-flan-gato-tra-thai-do","og_site_name":"Flan","article_modified_time":"2026-04-06T12:50:46+00:00","og_image":[{"width":507,"height":760,"url":"https:\/\/quynhnhuphan.azdigi.shop\/wp-content\/uploads\/2026\/04\/FlanGato-6-2.jpg","type":"image\/jpeg"}],"twitter_card":"summary_large_image","twitter_misc":{"\u01af\u1edbc t\u00ednh th\u1eddi gian \u0111\u1ecdc":"3 ph\u00fat"},"schema":{"@context":"https:\/\/schema.org","@graph":[{"@type":"WebPage","@id":"https:\/\/quynhnhuphan.azdigi.shop\/?product=bold-charming-flan-gato-tra-thai-do","url":"https:\/\/quynhnhuphan.azdigi.shop\/?product=bold-charming-flan-gato-tra-thai-do","name":"Bold Charming \u2013 Flan Gato Tr\u00e0 Th\u00e1i \u0110\u1ecf - Flan","isPartOf":{"@id":"https:\/\/quynhnhuphan.azdigi.shop\/#website"},"primaryImageOfPage":{"@id":"https:\/\/quynhnhuphan.azdigi.shop\/?product=bold-charming-flan-gato-tra-thai-do#primaryimage"},"image":{"@id":"https:\/\/quynhnhuphan.azdigi.shop\/?product=bold-charming-flan-gato-tra-thai-do#primaryimage"},"thumbnailUrl":"https:\/\/quynhnhuphan.azdigi.shop\/wp-content\/uploads\/2026\/04\/FlanGato-6-2.jpg","datePublished":"2026-04-05T05:26:33+00:00","dateModified":"2026-04-06T12:50:46+00:00","breadcrumb":{"@id":"https:\/\/quynhnhuphan.azdigi.shop\/?product=bold-charming-flan-gato-tra-thai-do#breadcrumb"},"inLanguage":"vi","potentialAction":[{"@type":"ReadAction","target":["https:\/\/quynhnhuphan.azdigi.shop\/?product=bold-charming-flan-gato-tra-thai-do"]}]},{"@type":"ImageObject","inLanguage":"vi","@id":"https:\/\/quynhnhuphan.azdigi.shop\/?product=bold-charming-flan-gato-tra-thai-do#primaryimage","url":"https:\/\/quynhnhuphan.azdigi.shop\/wp-content\/uploads\/2026\/04\/FlanGato-6-2.jpg","contentUrl":"https:\/\/quynhnhuphan.azdigi.shop\/wp-content\/uploads\/2026\/04\/FlanGato-6-2.jpg","width":507,"height":760},{"@type":"BreadcrumbList","@id":"https:\/\/quynhnhuphan.azdigi.shop\/?product=bold-charming-flan-gato-tra-thai-do#breadcrumb","itemListElement":[{"@type":"ListItem","position":1,"name":"Trang ch\u1ee7","item":"https:\/\/quynhnhuphan.azdigi.shop\/"},{"@type":"ListItem","position":2,"name":"C\u1eeda h\u00e0ng","item":"https:\/\/quynhnhuphan.azdigi.shop\/?page_id=164"},{"@type":"ListItem","position":3,"name":"Bold Charming \u2013 Flan Gato Tr\u00e0 Th\u00e1i \u0110\u1ecf"}]},{"@type":"WebSite","@id":"https:\/\/quynhnhuphan.azdigi.shop\/#website","url":"https:\/\/quynhnhuphan.azdigi.shop\/","name":"Flan","description":"","potentialAction":[{"@type":"SearchAction","target":{"@type":"EntryPoint","urlTemplate":"https:\/\/quynhnhuphan.azdigi.shop\/?s={search_term_string}"},"query-input":{"@type":"PropertyValueSpecification","valueRequired":true,"valueName":"search_term_string"}}],"inLanguage":"vi"}]}},"_links":{"self":[{"href":"https:\/\/quynhnhuphan.azdigi.shop\/index.php?rest_route=\/wp\/v2\/product\/229","targetHints":{"allow":["GET"]}}],"collection":[{"href":"https:\/\/quynhnhuphan.azdigi.shop\/index.php?rest_route=\/wp\/v2\/product"}],"about":[{"href":"https:\/\/quynhnhuphan.azdigi.shop\/index.php?rest_route=\/wp\/v2\/types\/product"}],"replies":[{"embeddable":true,"href":"https:\/\/quynhnhuphan.azdigi.shop\/index.php?rest_route=%2Fwp%2Fv2%2Fcomments&post=229"}],"wp:featuredmedia":[{"embeddable":true,"href":"https:\/\/quynhnhuphan.azdigi.shop\/index.php?rest_route=\/wp\/v2\/media\/232"}],"wp:attachment":[{"href":"https:\/\/quynhnhuphan.azdigi.shop\/index.php?rest_route=%2Fwp%2Fv2%2Fmedia&parent=229"}],"wp:term":[{"taxonomy":"product_brand","embeddable":true,"href":"https:\/\/quynhnhuphan.azdigi.shop\/index.php?rest_route=%2Fwp%2Fv2%2Fproduct_brand&post=229"},{"taxonomy":"product_cat","embeddable":true,"href":"https:\/\/quynhnhuphan.azdigi.shop\/index.php?rest_route=%2Fwp%2Fv2%2Fproduct_cat&post=229"},{"taxonomy":"product_tag","embeddable":true,"href":"https:\/\/quynhnhuphan.azdigi.shop\/index.php?rest_route=%2Fwp%2Fv2%2Fproduct_tag&post=229"}],"curies":[{"name":"wp","href":"https:\/\/api.w.org\/{rel}","templated":true}]}}