{"id":249,"date":"2026-04-05T06:23:55","date_gmt":"2026-04-05T06:23:55","guid":{"rendered":"https:\/\/quynhnhuphan.azdigi.shop\/?post_type=product&#038;p=249"},"modified":"2026-04-06T12:55:57","modified_gmt":"2026-04-06T12:55:57","slug":"hop-banh-flan-gato-oval","status":"publish","type":"product","link":"https:\/\/quynhnhuphan.azdigi.shop\/?product=hop-banh-flan-gato-oval","title":{"rendered":"H\u1ed9p B\u00e1nh Flan Gato Oval"},"content":{"rendered":"<p><a href=\"https:\/\/cailonuong.com\/wp-content\/uploads\/2026\/03\/4-2.jpg\"><img loading=\"lazy\" decoding=\"async\" class=\"aligncenter wp-image-250 size-full\" src=\"https:\/\/quynhnhuphan.azdigi.shop\/wp-content\/uploads\/2026\/04\/4-2-e1775370035527.jpg\" alt=\"\" width=\"800\" height=\"918\" srcset=\"https:\/\/quynhnhuphan.azdigi.shop\/wp-content\/uploads\/2026\/04\/4-2-e1775370035527.jpg 800w, https:\/\/quynhnhuphan.azdigi.shop\/wp-content\/uploads\/2026\/04\/4-2-e1775370035527-600x689.jpg 600w, https:\/\/quynhnhuphan.azdigi.shop\/wp-content\/uploads\/2026\/04\/4-2-e1775370035527-261x300.jpg 261w, https:\/\/quynhnhuphan.azdigi.shop\/wp-content\/uploads\/2026\/04\/4-2-e1775370035527-768x881.jpg 768w\" sizes=\"auto, (max-width: 800px) 100vw, 800px\" \/><\/a><\/p>\n<p data-start=\"110\" data-end=\"324\"><strong data-start=\"110\" data-end=\"137\">H\u1ed9p B\u00e1nh Flan Gato Oval<\/strong> l\u00e0 l\u1ef1a ch\u1ecdn l\u00fd t\u01b0\u1edfng cho nh\u1eefng bu\u1ed5i \u0103n nh\u1eb9, h\u1ecdp m\u1eb7t nh\u1ecf ho\u1eb7c mang \u0111i ti\u1ec7n l\u1ee3i. V\u1edbi thi\u1ebft k\u1ebf h\u1ed9p oval g\u1ecdn g\u00e0ng, s\u1ea3n ph\u1ea9m v\u1eeba \u0111\u1ea3m b\u1ea3o t\u00ednh th\u1ea9m m\u1ef9 v\u1eeba gi\u1eef tr\u1ecdn h\u01b0\u01a1ng v\u1ecb th\u01a1m ngon c\u1ee7a b\u00e1nh.<\/p>\n<h3 data-section-id=\"12lt9ch\" data-start=\"331\" data-end=\"353\">H\u01b0\u01a1ng v\u1ecb \u0111\u1eb7c tr\u01b0ng<\/h3>\n<ul data-start=\"355\" data-end=\"458\">\n<li data-section-id=\"18m51yi\" data-start=\"355\" data-end=\"378\">Ng\u1ecdt d\u1ecbu, thanh nh\u1eb9<\/li>\n<li data-section-id=\"123xqkv\" data-start=\"379\" data-end=\"415\">B\u00e9o nh\u1eb9 t\u1eeb l\u1edbp flan truy\u1ec1n th\u1ed1ng<\/li>\n<li data-section-id=\"zzp7jg\" data-start=\"416\" data-end=\"458\">H\u1eadu v\u1ecb \u0111\u1eafng nh\u1eb9 t\u1eeb caramel v\u00e0 s\u00f4-c\u00f4-la<\/li>\n<\/ul>\n<h3 data-section-id=\"2jn40l\" data-start=\"465\" data-end=\"490\">C\u1ea5u tr\u00fac b\u00e1nh h\u00e0i h\u00f2a<\/h3>\n<p data-start=\"492\" data-end=\"525\">Ph\u1ea7n th\u00e2n b\u00e1nh g\u1ed3m c\u00e1c l\u1edbp ch\u00ednh:<\/p>\n<ul data-start=\"527\" data-end=\"626\">\n<li data-section-id=\"1jofisd\" data-start=\"527\" data-end=\"578\">B\u00e1nh flan truy\u1ec1n th\u1ed1ng m\u1ec1m m\u1ecbn, tan trong mi\u1ec7ng<\/li>\n<li data-section-id=\"471y4v\" data-start=\"579\" data-end=\"626\">B\u00f4ng lan s\u00f4-c\u00f4-la x\u1ed1p nh\u1eb9, gi\u00fap c\u00e2n b\u1eb1ng v\u1ecb<\/li>\n<\/ul>\n<p data-start=\"628\" data-end=\"687\">S\u1ef1 k\u1ebft h\u1ee3p quen thu\u1ed9c, ph\u00f9 h\u1ee3p v\u1edbi nhi\u1ec1u kh\u1ea9u v\u1ecb kh\u00e1c nhau.<\/p>\n<h3 data-section-id=\"14gafum\" data-start=\"694\" data-end=\"715\">Thi\u1ebft k\u1ebf ti\u1ec7n l\u1ee3i<\/h3>\n<ul data-start=\"717\" data-end=\"850\">\n<li data-section-id=\"mnfd5u\" data-start=\"717\" data-end=\"756\">D\u1ea1ng h\u1ed9p oval nh\u1ecf g\u1ecdn, d\u1ec5 mang theo<\/li>\n<li data-section-id=\"1xju9ia\" data-start=\"757\" data-end=\"794\">Ph\u00f9 h\u1ee3p cho 2\u20134 ng\u01b0\u1eddi th\u01b0\u1edfng th\u1ee9c<\/li>\n<li data-section-id=\"8jny9l\" data-start=\"795\" data-end=\"850\">Th\u00edch h\u1ee3p cho c\u00e1c bu\u1ed5i picnic, h\u1ecdp nh\u00f3m ho\u1eb7c \u0103n nh\u1eb9<\/li>\n<\/ul>\n<h3 data-section-id=\"1cz8081\" data-start=\"857\" data-end=\"880\">B\u1ea3o qu\u1ea3n v\u00e0 s\u1eed d\u1ee5ng<\/h3>\n<ul data-start=\"882\" data-end=\"987\">\n<li data-section-id=\"8u80ks\" data-start=\"882\" data-end=\"934\">N\u00ean d\u00f9ng b\u00e1nh trong ng\u00e0y \u0111\u1ec3 \u0111\u1ea3m b\u1ea3o \u0111\u1ed9 t\u01b0\u01a1i ngon<\/li>\n<li data-section-id=\"110p955\" data-start=\"935\" data-end=\"987\">Ngon h\u01a1n khi b\u1ea3o qu\u1ea3n l\u1ea1nh tr\u01b0\u1edbc khi th\u01b0\u1edfng th\u1ee9c<\/li>\n<\/ul>\n<h3 data-section-id=\"9qrklw\" data-start=\"994\" data-end=\"1015\">Ph\u1ee5 ki\u1ec7n t\u1eb7ng k\u00e8m<\/h3>\n<ul data-start=\"1017\" data-end=\"1061\">\n<li data-section-id=\"1nb597m\" data-start=\"1017\" data-end=\"1061\">4 th\u00eca nh\u1ef1a trong ti\u1ec7n l\u1ee3i, s\u1eed d\u1ee5ng ngay<\/li>\n<\/ul>\n<h3 data-section-id=\"1wn6lp0\" data-start=\"1068\" data-end=\"1112\">V\u00ec sao n\u00ean ch\u1ecdn H\u1ed9p B\u00e1nh Flan Gato Oval?<\/h3>\n<ul data-start=\"1114\" data-end=\"1242\">\n<li data-section-id=\"b5l2u\" data-start=\"1114\" data-end=\"1145\">Thi\u1ebft k\u1ebf g\u1ecdn g\u00e0ng, ti\u1ec7n l\u1ee3i<\/li>\n<li data-section-id=\"mbzphg\" data-start=\"1146\" data-end=\"1178\">H\u01b0\u01a1ng v\u1ecb truy\u1ec1n th\u1ed1ng, d\u1ec5 \u0103n<\/li>\n<li data-section-id=\"o7w8z4\" data-start=\"1179\" data-end=\"1214\">Ph\u00f9 h\u1ee3p nhi\u1ec1u ho\u00e0n c\u1ea3nh s\u1eed d\u1ee5ng<\/li>\n<li data-section-id=\"17d6tle\" data-start=\"1215\" data-end=\"1242\">Gi\u00e1 h\u1ee3p l\u00fd, d\u1ec5 ti\u1ebfp c\u1eadn<\/li>\n<\/ul>\n<p>&nbsp;<\/p>\n","protected":false},"excerpt":{"rendered":"<p>Flan Gato l\u00e0 d\u00f2ng b\u00e1nh m\u00e0 Ti\u1ec7m b\u00e1nh Flan chi\u1ebfm \u01b0u th\u1ebf v\u1ec1 s\u1ea3n l\u01b0\u1ee3ng cung c\u1ea5p cho th\u1ecb tr\u01b0\u1eddng H\u1ed3 Ch\u00ed Minh. B\u00e1nh c\u00f3 h\u01b0\u01a1ng v\u1ecb ngon l\u00e0nh n\u00ean ng\u01b0\u1eddi d\u00f9ng \u1edf m\u1ecdi l\u1ee9a tu\u1ed5i \u0111\u1ec1u y\u00eau th\u00edch.<\/p>\n<div data-page-id=\"DnPwdXL16oUGRmxfTkmlM97Gg0d\" data-lark-html-role=\"root\" data-docx-has-block-data=\"false\">\n<div class=\"ace-line ace-line old-record-id-ZQ7tddrOGopa8Qxu1nxlu3Xug7e\"><strong>\u0110\u00c2Y R\u1ed2I, \u201cSI\u00caU PH\u1ea8M\u201d FLAN GATO CHO NH\u1eeeNG NG\u00c0Y \u201cSI\u00caU L\u01af\u1edcI\u201d\u00a0<\/strong><\/div>\n<div class=\"ace-line ace-line old-record-id-ZQ7tddrOGopa8Qxu1nxlu3Xug7e\">C\u00f3 nh\u1eefng ng\u00e0y c\u01a1 th\u1ec3 t\u1ef1 \u0111\u1ed9ng b\u1eadt mode \u201c\u0111\u00f3ng b\u0103ng\u201d, ch\u1eb3ng bu\u1ed3n b\u00e0y v\u1ebd l\u00e1ch c\u00e1ch, ch\u1ec9 th\u00e8m \u0111\u00fang m\u1ed9t mi\u1ebfng b\u00e1nh ngon \u0111\u1ec3 xoa d\u1ecbu t\u00e2m h\u1ed3n<br \/>\nTh\u1ea5u hi\u1ec3u \u201cn\u1ed7i l\u01b0\u1eddi\u201d r\u1ea5t \u0111\u1ed7i h\u1ee3p l\u00fd n\u00e0y, Ti\u1ec7m b\u00e1nh Flan ch\u00ednh th\u1ee9c tr\u00ecnh l\u00e0ng h\u1ed9p b\u00e1nh Flan Gato size oval si\u00eau ti\u1ec7n l\u1ee3i n\u00e0y!<br \/>\nQu\u00e1 tr\u00ecnh th\u01b0\u1edfng th\u1ee9c nh\u00e0n r\u1ed7i \u0111\u1ebfn m\u1ee9c: Ch\u1ec9 c\u1ea7n m\u1edf n\u1eafp h\u1ed9p, k\u00e9o l\u1edbp gi\u1ea5y n\u1ebfn v\u00e0\u2026 x\u1eafn mu\u1ed7ng \u201cch\u00e9n\u201d th\u00f4i!<br \/>\nB\u00e1nh mang giao di\u1ec7n \u0111\u01a1n gi\u1ea3n, nh\u01b0\u1eddng tr\u1ecdn spotlight cho c\u1ed1t b\u00e1nh x\u1ecbn s\u00f2 v\u1edbi l\u1edbp caramel m\u01b0\u1edbt m\u1ecbn, ch\u1ea5t flan b\u00e9o nh\u1eb9 v\u00e0 b\u00f4ng lan chocolate tr\u1ee9 danh c\u1ee7a nh\u00e0 b\u00e1nh Flan.<br \/>\nB\u00e1nh kh\u00f4ng decor l\u1ea5p l\u00e1nh, nh\u01b0ng \u0111\u1ed9 ngon l\u00e0 c\u1ef1c \u201creal\u201d. \u0110\u00e3 th\u00e8m l\u00e0 ph\u1ea3i \u0103n li\u1ec1n, ti\u1ec7n l\u1ee3i v\u00e0 d\u1ee9t kho\u00e1t!<br \/>\nKh\u00f4ng c\u1ea7n ph\u1ee9c t\u1ea1p h\u00f3a vi\u1ec7c \u0103n ngon. Ch\u1ed1t ngay m\u1ed9t h\u1ed9p Flan Gato Oval \u201cm\u1edf h\u1ed9p l\u00e0 \u0103n\u201d t\u1ea1i inbox c\u1ee7a Ti\u1ec7m b\u00e1nh Flan ngay h\u00f4m nay nh\u00e9!<\/div>\n<\/div>\n","protected":false},"featured_media":255,"comment_status":"open","ping_status":"closed","template":"","meta":[],"product_brand":[],"product_cat":[21],"product_tag":[],"class_list":{"0":"post-249","1":"product","2":"type-product","3":"status-publish","4":"has-post-thumbnail","6":"product_cat-banh-flan-gato","8":"first","9":"instock","10":"sale","11":"shipping-taxable","12":"purchasable","13":"product-type-variable"},"yoast_head":"<!-- This site is optimized with the Yoast SEO plugin v26.9 - https:\/\/yoast.com\/product\/yoast-seo-wordpress\/ -->\n<title>H\u1ed9p B\u00e1nh Flan Gato Oval - Flan<\/title>\n<meta name=\"robots\" content=\"index, follow, max-snippet:-1, max-image-preview:large, max-video-preview:-1\" \/>\n<link rel=\"canonical\" href=\"https:\/\/quynhnhuphan.azdigi.shop\/?product=hop-banh-flan-gato-oval\" \/>\n<meta property=\"og:locale\" content=\"vi_VN\" \/>\n<meta property=\"og:type\" content=\"article\" \/>\n<meta property=\"og:title\" content=\"H\u1ed9p B\u00e1nh Flan Gato Oval - Flan\" \/>\n<meta property=\"og:description\" content=\"Flan Gato l\u00e0 d\u00f2ng b\u00e1nh m\u00e0 Ti\u1ec7m b\u00e1nh Flan chi\u1ebfm \u01b0u th\u1ebf v\u1ec1 s\u1ea3n l\u01b0\u1ee3ng cung c\u1ea5p cho th\u1ecb tr\u01b0\u1eddng H\u1ed3 Ch\u00ed Minh. B\u00e1nh c\u00f3 h\u01b0\u01a1ng v\u1ecb ngon l\u00e0nh n\u00ean ng\u01b0\u1eddi d\u00f9ng \u1edf m\u1ecdi l\u1ee9a tu\u1ed5i \u0111\u1ec1u y\u00eau th\u00edch.  \u0110\u00c2Y R\u1ed2I, \u201cSI\u00caU PH\u1ea8M\u201d FLAN GATO CHO NH\u1eeeNG NG\u00c0Y \u201cSI\u00caU L\u01af\u1edcI\u201d\u00a0 C\u00f3 nh\u1eefng ng\u00e0y c\u01a1 th\u1ec3 t\u1ef1 \u0111\u1ed9ng b\u1eadt mode \u201c\u0111\u00f3ng b\u0103ng\u201d, ch\u1eb3ng bu\u1ed3n b\u00e0y v\u1ebd l\u00e1ch c\u00e1ch, ch\u1ec9 th\u00e8m \u0111\u00fang m\u1ed9t mi\u1ebfng b\u00e1nh ngon \u0111\u1ec3 xoa d\u1ecbu t\u00e2m h\u1ed3n Th\u1ea5u hi\u1ec3u \u201cn\u1ed7i l\u01b0\u1eddi\u201d r\u1ea5t \u0111\u1ed7i h\u1ee3p l\u00fd n\u00e0y, Ti\u1ec7m b\u00e1nh Flan ch\u00ednh th\u1ee9c tr\u00ecnh l\u00e0ng h\u1ed9p b\u00e1nh Flan Gato size oval si\u00eau ti\u1ec7n l\u1ee3i n\u00e0y! Qu\u00e1 tr\u00ecnh th\u01b0\u1edfng th\u1ee9c nh\u00e0n r\u1ed7i \u0111\u1ebfn m\u1ee9c: Ch\u1ec9 c\u1ea7n m\u1edf n\u1eafp h\u1ed9p, k\u00e9o l\u1edbp gi\u1ea5y n\u1ebfn v\u00e0\u2026 x\u1eafn mu\u1ed7ng \u201cch\u00e9n\u201d th\u00f4i! B\u00e1nh mang giao di\u1ec7n \u0111\u01a1n gi\u1ea3n, nh\u01b0\u1eddng tr\u1ecdn spotlight cho c\u1ed1t b\u00e1nh x\u1ecbn s\u00f2 v\u1edbi l\u1edbp caramel m\u01b0\u1edbt m\u1ecbn, ch\u1ea5t flan b\u00e9o nh\u1eb9 v\u00e0 b\u00f4ng lan chocolate tr\u1ee9 danh c\u1ee7a nh\u00e0 b\u00e1nh Flan. B\u00e1nh kh\u00f4ng decor l\u1ea5p l\u00e1nh, nh\u01b0ng \u0111\u1ed9 ngon l\u00e0 c\u1ef1c \u201creal\u201d. \u0110\u00e3 th\u00e8m l\u00e0 ph\u1ea3i \u0103n li\u1ec1n, ti\u1ec7n l\u1ee3i v\u00e0 d\u1ee9t kho\u00e1t! Kh\u00f4ng c\u1ea7n ph\u1ee9c t\u1ea1p h\u00f3a vi\u1ec7c \u0103n ngon. Ch\u1ed1t ngay m\u1ed9t h\u1ed9p Flan Gato Oval \u201cm\u1edf h\u1ed9p l\u00e0 \u0103n\u201d t\u1ea1i inbox c\u1ee7a Ti\u1ec7m b\u00e1nh Flan ngay h\u00f4m nay nh\u00e9!\" \/>\n<meta property=\"og:url\" content=\"https:\/\/quynhnhuphan.azdigi.shop\/?product=hop-banh-flan-gato-oval\" \/>\n<meta property=\"og:site_name\" content=\"Flan\" \/>\n<meta property=\"article:modified_time\" content=\"2026-04-06T12:55:57+00:00\" \/>\n<meta property=\"og:image\" content=\"https:\/\/quynhnhuphan.azdigi.shop\/wp-content\/uploads\/2026\/04\/5-2.jpg\" \/>\n\t<meta property=\"og:image:width\" content=\"800\" \/>\n\t<meta property=\"og:image:height\" content=\"1200\" \/>\n\t<meta property=\"og:image:type\" content=\"image\/jpeg\" \/>\n<meta name=\"twitter:card\" content=\"summary_large_image\" \/>\n<meta name=\"twitter:label1\" content=\"\u01af\u1edbc t\u00ednh th\u1eddi gian \u0111\u1ecdc\" \/>\n\t<meta name=\"twitter:data1\" content=\"2 ph\u00fat\" \/>\n<script type=\"application\/ld+json\" class=\"yoast-schema-graph\">{\"@context\":\"https:\/\/schema.org\",\"@graph\":[{\"@type\":\"WebPage\",\"@id\":\"https:\/\/quynhnhuphan.azdigi.shop\/?product=hop-banh-flan-gato-oval\",\"url\":\"https:\/\/quynhnhuphan.azdigi.shop\/?product=hop-banh-flan-gato-oval\",\"name\":\"H\u1ed9p B\u00e1nh Flan Gato Oval - Flan\",\"isPartOf\":{\"@id\":\"https:\/\/quynhnhuphan.azdigi.shop\/#website\"},\"primaryImageOfPage\":{\"@id\":\"https:\/\/quynhnhuphan.azdigi.shop\/?product=hop-banh-flan-gato-oval#primaryimage\"},\"image\":{\"@id\":\"https:\/\/quynhnhuphan.azdigi.shop\/?product=hop-banh-flan-gato-oval#primaryimage\"},\"thumbnailUrl\":\"https:\/\/quynhnhuphan.azdigi.shop\/wp-content\/uploads\/2026\/04\/5-2.jpg\",\"datePublished\":\"2026-04-05T06:23:55+00:00\",\"dateModified\":\"2026-04-06T12:55:57+00:00\",\"breadcrumb\":{\"@id\":\"https:\/\/quynhnhuphan.azdigi.shop\/?product=hop-banh-flan-gato-oval#breadcrumb\"},\"inLanguage\":\"vi\",\"potentialAction\":[{\"@type\":\"ReadAction\",\"target\":[\"https:\/\/quynhnhuphan.azdigi.shop\/?product=hop-banh-flan-gato-oval\"]}]},{\"@type\":\"ImageObject\",\"inLanguage\":\"vi\",\"@id\":\"https:\/\/quynhnhuphan.azdigi.shop\/?product=hop-banh-flan-gato-oval#primaryimage\",\"url\":\"https:\/\/quynhnhuphan.azdigi.shop\/wp-content\/uploads\/2026\/04\/5-2.jpg\",\"contentUrl\":\"https:\/\/quynhnhuphan.azdigi.shop\/wp-content\/uploads\/2026\/04\/5-2.jpg\",\"width\":800,\"height\":1200},{\"@type\":\"BreadcrumbList\",\"@id\":\"https:\/\/quynhnhuphan.azdigi.shop\/?product=hop-banh-flan-gato-oval#breadcrumb\",\"itemListElement\":[{\"@type\":\"ListItem\",\"position\":1,\"name\":\"Trang ch\u1ee7\",\"item\":\"https:\/\/quynhnhuphan.azdigi.shop\/\"},{\"@type\":\"ListItem\",\"position\":2,\"name\":\"C\u1eeda h\u00e0ng\",\"item\":\"https:\/\/quynhnhuphan.azdigi.shop\/?page_id=164\"},{\"@type\":\"ListItem\",\"position\":3,\"name\":\"H\u1ed9p B\u00e1nh Flan Gato Oval\"}]},{\"@type\":\"WebSite\",\"@id\":\"https:\/\/quynhnhuphan.azdigi.shop\/#website\",\"url\":\"https:\/\/quynhnhuphan.azdigi.shop\/\",\"name\":\"Flan\",\"description\":\"\",\"potentialAction\":[{\"@type\":\"SearchAction\",\"target\":{\"@type\":\"EntryPoint\",\"urlTemplate\":\"https:\/\/quynhnhuphan.azdigi.shop\/?s={search_term_string}\"},\"query-input\":{\"@type\":\"PropertyValueSpecification\",\"valueRequired\":true,\"valueName\":\"search_term_string\"}}],\"inLanguage\":\"vi\"}]}<\/script>\n<!-- \/ Yoast SEO plugin. -->","yoast_head_json":{"title":"H\u1ed9p B\u00e1nh Flan Gato Oval - Flan","robots":{"index":"index","follow":"follow","max-snippet":"max-snippet:-1","max-image-preview":"max-image-preview:large","max-video-preview":"max-video-preview:-1"},"canonical":"https:\/\/quynhnhuphan.azdigi.shop\/?product=hop-banh-flan-gato-oval","og_locale":"vi_VN","og_type":"article","og_title":"H\u1ed9p B\u00e1nh Flan Gato Oval - Flan","og_description":"Flan Gato l\u00e0 d\u00f2ng b\u00e1nh m\u00e0 Ti\u1ec7m b\u00e1nh Flan chi\u1ebfm \u01b0u th\u1ebf v\u1ec1 s\u1ea3n l\u01b0\u1ee3ng cung c\u1ea5p cho th\u1ecb tr\u01b0\u1eddng H\u1ed3 Ch\u00ed Minh. B\u00e1nh c\u00f3 h\u01b0\u01a1ng v\u1ecb ngon l\u00e0nh n\u00ean ng\u01b0\u1eddi d\u00f9ng \u1edf m\u1ecdi l\u1ee9a tu\u1ed5i \u0111\u1ec1u y\u00eau th\u00edch.  \u0110\u00c2Y R\u1ed2I, \u201cSI\u00caU PH\u1ea8M\u201d FLAN GATO CHO NH\u1eeeNG NG\u00c0Y \u201cSI\u00caU L\u01af\u1edcI\u201d\u00a0 C\u00f3 nh\u1eefng ng\u00e0y c\u01a1 th\u1ec3 t\u1ef1 \u0111\u1ed9ng b\u1eadt mode \u201c\u0111\u00f3ng b\u0103ng\u201d, ch\u1eb3ng bu\u1ed3n b\u00e0y v\u1ebd l\u00e1ch c\u00e1ch, ch\u1ec9 th\u00e8m \u0111\u00fang m\u1ed9t mi\u1ebfng b\u00e1nh ngon \u0111\u1ec3 xoa d\u1ecbu t\u00e2m h\u1ed3n Th\u1ea5u hi\u1ec3u \u201cn\u1ed7i l\u01b0\u1eddi\u201d r\u1ea5t \u0111\u1ed7i h\u1ee3p l\u00fd n\u00e0y, Ti\u1ec7m b\u00e1nh Flan ch\u00ednh th\u1ee9c tr\u00ecnh l\u00e0ng h\u1ed9p b\u00e1nh Flan Gato size oval si\u00eau ti\u1ec7n l\u1ee3i n\u00e0y! Qu\u00e1 tr\u00ecnh th\u01b0\u1edfng th\u1ee9c nh\u00e0n r\u1ed7i \u0111\u1ebfn m\u1ee9c: Ch\u1ec9 c\u1ea7n m\u1edf n\u1eafp h\u1ed9p, k\u00e9o l\u1edbp gi\u1ea5y n\u1ebfn v\u00e0\u2026 x\u1eafn mu\u1ed7ng \u201cch\u00e9n\u201d th\u00f4i! B\u00e1nh mang giao di\u1ec7n \u0111\u01a1n gi\u1ea3n, nh\u01b0\u1eddng tr\u1ecdn spotlight cho c\u1ed1t b\u00e1nh x\u1ecbn s\u00f2 v\u1edbi l\u1edbp caramel m\u01b0\u1edbt m\u1ecbn, ch\u1ea5t flan b\u00e9o nh\u1eb9 v\u00e0 b\u00f4ng lan chocolate tr\u1ee9 danh c\u1ee7a nh\u00e0 b\u00e1nh Flan. B\u00e1nh kh\u00f4ng decor l\u1ea5p l\u00e1nh, nh\u01b0ng \u0111\u1ed9 ngon l\u00e0 c\u1ef1c \u201creal\u201d. \u0110\u00e3 th\u00e8m l\u00e0 ph\u1ea3i \u0103n li\u1ec1n, ti\u1ec7n l\u1ee3i v\u00e0 d\u1ee9t kho\u00e1t! Kh\u00f4ng c\u1ea7n ph\u1ee9c t\u1ea1p h\u00f3a vi\u1ec7c \u0103n ngon. Ch\u1ed1t ngay m\u1ed9t h\u1ed9p Flan Gato Oval \u201cm\u1edf h\u1ed9p l\u00e0 \u0103n\u201d t\u1ea1i inbox c\u1ee7a Ti\u1ec7m b\u00e1nh Flan ngay h\u00f4m nay nh\u00e9!","og_url":"https:\/\/quynhnhuphan.azdigi.shop\/?product=hop-banh-flan-gato-oval","og_site_name":"Flan","article_modified_time":"2026-04-06T12:55:57+00:00","og_image":[{"width":800,"height":1200,"url":"https:\/\/quynhnhuphan.azdigi.shop\/wp-content\/uploads\/2026\/04\/5-2.jpg","type":"image\/jpeg"}],"twitter_card":"summary_large_image","twitter_misc":{"\u01af\u1edbc t\u00ednh th\u1eddi gian \u0111\u1ecdc":"2 ph\u00fat"},"schema":{"@context":"https:\/\/schema.org","@graph":[{"@type":"WebPage","@id":"https:\/\/quynhnhuphan.azdigi.shop\/?product=hop-banh-flan-gato-oval","url":"https:\/\/quynhnhuphan.azdigi.shop\/?product=hop-banh-flan-gato-oval","name":"H\u1ed9p B\u00e1nh Flan Gato Oval - Flan","isPartOf":{"@id":"https:\/\/quynhnhuphan.azdigi.shop\/#website"},"primaryImageOfPage":{"@id":"https:\/\/quynhnhuphan.azdigi.shop\/?product=hop-banh-flan-gato-oval#primaryimage"},"image":{"@id":"https:\/\/quynhnhuphan.azdigi.shop\/?product=hop-banh-flan-gato-oval#primaryimage"},"thumbnailUrl":"https:\/\/quynhnhuphan.azdigi.shop\/wp-content\/uploads\/2026\/04\/5-2.jpg","datePublished":"2026-04-05T06:23:55+00:00","dateModified":"2026-04-06T12:55:57+00:00","breadcrumb":{"@id":"https:\/\/quynhnhuphan.azdigi.shop\/?product=hop-banh-flan-gato-oval#breadcrumb"},"inLanguage":"vi","potentialAction":[{"@type":"ReadAction","target":["https:\/\/quynhnhuphan.azdigi.shop\/?product=hop-banh-flan-gato-oval"]}]},{"@type":"ImageObject","inLanguage":"vi","@id":"https:\/\/quynhnhuphan.azdigi.shop\/?product=hop-banh-flan-gato-oval#primaryimage","url":"https:\/\/quynhnhuphan.azdigi.shop\/wp-content\/uploads\/2026\/04\/5-2.jpg","contentUrl":"https:\/\/quynhnhuphan.azdigi.shop\/wp-content\/uploads\/2026\/04\/5-2.jpg","width":800,"height":1200},{"@type":"BreadcrumbList","@id":"https:\/\/quynhnhuphan.azdigi.shop\/?product=hop-banh-flan-gato-oval#breadcrumb","itemListElement":[{"@type":"ListItem","position":1,"name":"Trang ch\u1ee7","item":"https:\/\/quynhnhuphan.azdigi.shop\/"},{"@type":"ListItem","position":2,"name":"C\u1eeda h\u00e0ng","item":"https:\/\/quynhnhuphan.azdigi.shop\/?page_id=164"},{"@type":"ListItem","position":3,"name":"H\u1ed9p B\u00e1nh Flan Gato Oval"}]},{"@type":"WebSite","@id":"https:\/\/quynhnhuphan.azdigi.shop\/#website","url":"https:\/\/quynhnhuphan.azdigi.shop\/","name":"Flan","description":"","potentialAction":[{"@type":"SearchAction","target":{"@type":"EntryPoint","urlTemplate":"https:\/\/quynhnhuphan.azdigi.shop\/?s={search_term_string}"},"query-input":{"@type":"PropertyValueSpecification","valueRequired":true,"valueName":"search_term_string"}}],"inLanguage":"vi"}]}},"_links":{"self":[{"href":"https:\/\/quynhnhuphan.azdigi.shop\/index.php?rest_route=\/wp\/v2\/product\/249","targetHints":{"allow":["GET"]}}],"collection":[{"href":"https:\/\/quynhnhuphan.azdigi.shop\/index.php?rest_route=\/wp\/v2\/product"}],"about":[{"href":"https:\/\/quynhnhuphan.azdigi.shop\/index.php?rest_route=\/wp\/v2\/types\/product"}],"replies":[{"embeddable":true,"href":"https:\/\/quynhnhuphan.azdigi.shop\/index.php?rest_route=%2Fwp%2Fv2%2Fcomments&post=249"}],"wp:featuredmedia":[{"embeddable":true,"href":"https:\/\/quynhnhuphan.azdigi.shop\/index.php?rest_route=\/wp\/v2\/media\/255"}],"wp:attachment":[{"href":"https:\/\/quynhnhuphan.azdigi.shop\/index.php?rest_route=%2Fwp%2Fv2%2Fmedia&parent=249"}],"wp:term":[{"taxonomy":"product_brand","embeddable":true,"href":"https:\/\/quynhnhuphan.azdigi.shop\/index.php?rest_route=%2Fwp%2Fv2%2Fproduct_brand&post=249"},{"taxonomy":"product_cat","embeddable":true,"href":"https:\/\/quynhnhuphan.azdigi.shop\/index.php?rest_route=%2Fwp%2Fv2%2Fproduct_cat&post=249"},{"taxonomy":"product_tag","embeddable":true,"href":"https:\/\/quynhnhuphan.azdigi.shop\/index.php?rest_route=%2Fwp%2Fv2%2Fproduct_tag&post=249"}],"curies":[{"name":"wp","href":"https:\/\/api.w.org\/{rel}","templated":true}]}}